{"id":986,"date":"2014-05-04T14:04:13","date_gmt":"2014-05-04T12:04:13","guid":{"rendered":"http:\/\/www.palancus.com\/?page_id=986"},"modified":"2025-07-02T15:43:06","modified_gmt":"2025-07-02T13:43:06","slug":"bio","status":"publish","type":"page","link":"https:\/\/www.palancus.com\/?page_id=986","title":{"rendered":"Pr\u00e9sentation"},"content":{"rendered":"<p><a href=\"http:\/\/www.palancus.com\/wp-content\/uploads\/2014\/05\/just_me_by_palancus8bit.jpg\"><img loading=\"lazy\" decoding=\"async\" class=\"alignleft size-full wp-image-987\" src=\"http:\/\/www.palancus.com\/wp-content\/uploads\/2014\/05\/just_me_by_palancus8bit.jpg\" alt=\"just_me_by_palancus8bit\" width=\"200\" height=\"254\" \/><\/a><\/p>\n<p>N\u00e9 \u00e0 Cannes en 1973, je vis et travaille sur la c\u00f4te d&rsquo;azur, le plus souvent \u00e0 <a href=\"https:\/\/maps.google.fr\/maps?hl=fr&amp;ll=43.606429,6.895777&amp;spn=0.007722,0.016426&amp;t=m&amp;z=17&amp;layer=c&amp;cbll=43.606404,6.895831&amp;panoid=7O7UwzE2h3mrcTq6U472_Q&amp;cbp=12,309.53,,0,19.52\" target=\"_blank\" rel=\"noopener noreferrer\">Tanneron<\/a> o\u00f9 j&rsquo;habite et Nice et ses alentours o\u00f9 je travaille \u00e0 la cr\u00e9ation de diverses pi\u00e8ces uniques avec des artisans locaux.<\/p>\n<p>Paysagiste concepteur de formation, j&rsquo;ai eu le privil\u00e8ge d&rsquo;\u00eatre form\u00e9 \u00e0 l&rsquo;<a href=\"https:\/\/web.archive.org\/web\/20001018201044\/http:\/\/www.emjp.org\/\" target=\"_blank\" rel=\"noopener noreferrer\">\u00e9cole m\u00e9diterran\u00e9enne des Jardins et du Paysage<\/a> \u00e0 Grasse dans les ann\u00e9es 1990. De grands noms de l&rsquo;architecture, de l&rsquo;art et du paysage ont forg\u00e9 ma vision de la conception d&rsquo;espace et initi\u00e9 mon travail de plasticien.<\/p>\n<p>Mon travail a, depuis la fin des ann\u00e9es 1990, consist\u00e9 \u00e0 \u00e9tudier et mettre en \u0153uvre toute une s\u00e9rie de traitements informatiques associ\u00e9s \u00e0 l&rsquo;image et \u00e0 m&rsquo;en servir pour fabriquer des pi\u00e8ces interrogeant notre rapport \u00e0 la couleur ou aux formes mais aussi \u00e0 la m\u00e9moire des images enregistr\u00e9es dans notre inconscient.<\/p>\n<p>Ma premi\u00e8re &lsquo;p\u00e9riode&rsquo; a consist\u00e9 \u00e0 plonger dans des images en modifiant le spectre chromatique par une solarisation issue d&rsquo;un traitement informatique. Celui-ci me permettant de d\u00e9couvrir de nouvelles formes et de nouvelles harmonies de couleur tout en augmentant la d\u00e9finition de l&rsquo;image initiale jusqu\u2019\u00e0 en d\u00e9couvrir les artefacts de compression.<\/p>\n<p>Ce travail essentiellement informatique au d\u00e9but m&rsquo;a pouss\u00e9 dans un choix chromatique de couleurs &lsquo;antagonistes&rsquo; cr\u00e9ant un effet particulier, rouge\/vert ou orange\/bleu qui poussent notre vision dans une sensibilit\u00e9 inconfortable proche de l&rsquo;effet ressenti devant un \u00e9cran. L&rsquo;art digital n&rsquo;\u00e9tant \u00e0 l&rsquo;\u00e9poque pas appr\u00e9ci\u00e9 des galeries j&rsquo;ai donc commenc\u00e9 \u00e0 transposer ce travail chromatique en peinture acrylique sur toile, essentiellement bas\u00e9e sur le regard, comme un clin d\u2019\u0153il \u00e0 l&rsquo;outil permettant de percevoir ces \u0153uvres. Quelques rares tirages num\u00e9riques sur une laser couleur furent \u00e9dit\u00e9s \u00e0 l&rsquo;\u00e9poque, et une s\u00e9rie de travaux fut &lsquo;flash\u00e9e&rsquo; sur diapositive par le studio Malaval \u00e0 Nice.<\/p>\n<p>La palette de couleurs g\u00e9n\u00e9r\u00e9e informatiquement et transpos\u00e9e sur toile cr\u00e9e des r\u00e9actions \u00e9tranges en fonction des couleurs de l&rsquo;\u00e9clairage. Du coup certaines de ces toiles ont \u00e9t\u00e9 con\u00e7ues pour \u00eatre \u00e9clair\u00e9es par un \u00e9cran de t\u00e9l\u00e9vision, le changement de couleurs al\u00e9atoire et permanent permettant de percevoir par moment l&rsquo;image initiale et toutes les variantes possibles.<\/p>\n<p>Apr\u00e8s cette exploration de la couleur est venue celle de la forme, j&rsquo;ai travaill\u00e9 sur l&rsquo;id\u00e9e de r\u00e9duire l&rsquo;information visuelle au minimum pour forcer notre inconscient \u00e0 compl\u00e9ter ce qu&rsquo;il percevait. Toujours pour tenter de comprendre la mani\u00e8re dont notre esprit &lsquo;imprime&rsquo; les images. Pour cela j&rsquo;ai utilis\u00e9 des programmes permettant de transformer les nuances de gris en une trame de points et j&rsquo;ai r\u00e9duit cette trame au minimum de points n\u00e9cessaires pour comprendre l&rsquo;image repr\u00e9sent\u00e9e.<\/p>\n<p>Ce travail m&rsquo;a rapproch\u00e9 de l&rsquo;Op Art m\u00eame si ce n&rsquo;\u00e9tait pas mon but, et j&rsquo;ai produit beaucoup d\u2019\u0153uvres de petite taille n\u00e9cessitant d&rsquo;\u00eatre tenues \u00e0 bout de bras pour \u00eatre &lsquo;d\u00e9crypt\u00e9es&rsquo; et quelques pi\u00e8ces plus grandes sur toile ou en d\u00e9coupe d&rsquo;acier.<\/p>\n<p>J&rsquo;ai \u00e9galement exp\u00e9riment\u00e9 un autre algorithme bas\u00e9 sur le travail d&rsquo;Alan Turing et son travail sur la r\u00e9action diffusion appliqu\u00e9 \u00e0 l&rsquo;image, toujours pour essayer de comprendre la mani\u00e8re dont notre inconscient enregistre ces donn\u00e9es.<\/p>\n<p>Apr\u00e8s avoir \u00e9galement explor\u00e9 la perception de formes \u00e0 travers la mati\u00e8re, je me suis mis \u00e0 travailler avec un programme me permettant de cr\u00e9er des objets en trois dimensions repr\u00e9sentant une image en deux dimensions. Cette image se r\u00e9v\u00e9lant au passage de la lumi\u00e8re \u00e0 travers la mati\u00e8re.<\/p>\n<p>La mati\u00e8re enregistrant des donn\u00e9es de luminosit\u00e9 directement dans sa forme en trois dimensions. J&rsquo;ai d\u00e9j\u00e0 exp\u00e9riment\u00e9 depuis plusieurs ann\u00e9es des pi\u00e8ces dans une mati\u00e8re min\u00e9rale synth\u00e9tique translucide de type &lsquo;solidsurface&rsquo;.<\/p>\n<p>Quelques pi\u00e8ces en marbre blanc ont \u00e9galement \u00e9t\u00e9 r\u00e9alis\u00e9es gr\u00e2ce au concours d&rsquo;un marbrier passionn\u00e9 (<a href=\"http:\/\/www.marbrerie-provencale.com\/qui-sommes-nous\/\" target=\"_blank\" rel=\"noopener\">Marbrerie Proven\u00e7ale<\/a>) et \u00e9quip\u00e9 des derni\u00e8res avanc\u00e9es technologiques en termes de machines (5 axes).<\/p>\n<p>Mes recherches actuelles se portent sur la maitrise des caustiques en modulant les courbures de blocs de verre transparents pour former des images par projection au passage de la lumi\u00e8re mais aussi la r\u00e9flexion de la lumi\u00e8re sur des mati\u00e8res polies projetant des caustiques.<\/p>\n<p>La recherche de structures dans la simplification des images par r\u00e9duction ou transposition des informations m&#8217;emm\u00e8ne sur de nouvelles pi\u00e8ces en permanence.<\/p>\n<p>Quelques explorations digitales donnent \u00e9galement lieu \u00e0 des collections d&rsquo;images disponibles sur diverses plateformes de nfts (<a href=\"https:\/\/opensea.io\/collection\/palancus\" target=\"_blank\" rel=\"noopener\">Opensea<\/a>, Rarible, Versum, Fx-Hash, <a href=\"https:\/\/objkt.com\/profile\/palancus\/created\" target=\"_blank\" rel=\"noopener\">Objkt<\/a>), certaines permettant la r\u00e9alisation de pi\u00e8ces physiques en volume.<\/p>\n<p>Mes premi\u00e8res exp\u00e9rimentations en 1997 et 1998 enregistr\u00e9s par internet Archive en 2001 : <a href=\"https:\/\/web.archive.org\/web\/20010502123809\/http:\/\/organic.ifrance.com\/organic\/\" target=\"_blank\" rel=\"noopener\">https:\/\/web.archive.org\/web\/20010502123809\/http:\/\/organic.ifrance.com\/organic\/<\/a><\/p>\n<p>Mon ancien profil sur Dart Fine Art depuis 1999 et enregistr\u00e9 par Internet Archive en 2005 : <a href=\"https:\/\/web.archive.org\/web\/20050307170334if_\/http:\/\/dart.fine-art.com\/userprofile.asp?i=9192&amp;dgalleryi=9192\" target=\"_blank\" rel=\"noopener\">https:\/\/web.archive.org\/web\/20050307170334if_\/http:\/\/dart.fine-art.com\/userprofile.asp?i=9192&amp;dgalleryi=9192<\/a><\/p>\n<p>N&rsquo;h\u00e9sitez pas \u00e0 me contacter<\/p>\n<p>Gines-david Perez dit &lsquo;Palancus&rsquo;<\/p>\n<p>\u00ab\u00a0L&rsquo;acte de la d\u00e9couverte a un aspect disruptif et un aspect constructif. Il faut qu&rsquo;il brise les structures de l&rsquo;organisation mentale afin d&rsquo;agencer une synth\u00e8se nouvelle\u00a0\u00bb<\/p>\n<p>Dans Le cri d&rsquo;archim\u00e8de d&rsquo;Arthur Koestler (1960)<\/p>\n\n\n<p><\/p>\n\n\n\n<p><a href=\"\/\/www.dmca.com\/Protection\/Status.aspx?ID=963c05cc-6d4b-4672-a0ba-aa943b1af4b3\"><\/a><a href=\"\/\/www.dmca.com\/Protection\/Status.aspx?ID=963c05cc-6d4b-4672-a0ba-aa943b1af4b3\"><\/a><a href=\"\/\/www.dmca.com\/Protection\/Status.aspx?ID=963c05cc-6d4b-4672-a0ba-aa943b1af4b3\"><\/a><a href=\"\/\/www.dmca.com\/Protection\/Status.aspx?ID=963c05cc-6d4b-4672-a0ba-aa943b1af4b3\"><\/a><\/p>\n","protected":false},"excerpt":{"rendered":"<p>N\u00e9 \u00e0 Cannes en 1973, je vis et travaille sur la c\u00f4te d&rsquo;azur, le plus souvent \u00e0 Tanneron o\u00f9 j&rsquo;habite et Nice et ses alentours o\u00f9 je travaille \u00e0 la cr\u00e9ation de diverses pi\u00e8ces uniques avec des artisans locaux. Paysagiste concepteur de formation, j&rsquo;ai eu le privil\u00e8ge d&rsquo;\u00eatre form\u00e9 \u00e0 l&rsquo;\u00e9cole m\u00e9diterran\u00e9enne des Jardins et&#8230;<\/p>\n","protected":false},"author":1,"featured_media":941,"parent":0,"menu_order":0,"comment_status":"closed","ping_status":"open","template":"","meta":{"footnotes":""},"class_list":["post-986","page","type-page","status-publish","has-post-thumbnail","hentry"],"_links":{"self":[{"href":"https:\/\/www.palancus.com\/index.php?rest_route=\/wp\/v2\/pages\/986","targetHints":{"allow":["GET"]}}],"collection":[{"href":"https:\/\/www.palancus.com\/index.php?rest_route=\/wp\/v2\/pages"}],"about":[{"href":"https:\/\/www.palancus.com\/index.php?rest_route=\/wp\/v2\/types\/page"}],"author":[{"embeddable":true,"href":"https:\/\/www.palancus.com\/index.php?rest_route=\/wp\/v2\/users\/1"}],"replies":[{"embeddable":true,"href":"https:\/\/www.palancus.com\/index.php?rest_route=%2Fwp%2Fv2%2Fcomments&post=986"}],"version-history":[{"count":30,"href":"https:\/\/www.palancus.com\/index.php?rest_route=\/wp\/v2\/pages\/986\/revisions"}],"predecessor-version":[{"id":1695,"href":"https:\/\/www.palancus.com\/index.php?rest_route=\/wp\/v2\/pages\/986\/revisions\/1695"}],"wp:featuredmedia":[{"embeddable":true,"href":"https:\/\/www.palancus.com\/index.php?rest_route=\/wp\/v2\/media\/941"}],"wp:attachment":[{"href":"https:\/\/www.palancus.com\/index.php?rest_route=%2Fwp%2Fv2%2Fmedia&parent=986"}],"curies":[{"name":"wp","href":"https:\/\/api.w.org\/{rel}","templated":true}]}}